0 a multiple of 57?
False
Is 23101 a multiple of 209?
False
Is 26447 a multiple of 17?
False
Does 14 divide 1302?
True
Does 9 divide 171?
True
Is 12 a factor of 1272?
True
Is 340 a multiple of 25?
False
Does 52 divide 4399?
False
Is 4 a factor of 14611?
False
Does 36 divide 4108?
False
Is 2160 a multiple of 69?
False
Is 41 a factor of 7303?
False
Is 59118 a multiple of 62?
False
Is 21 a factor of 399?
True
Is 754 a multiple of 5?
False
Does 12 divide 6408?
True
Is 54 a multiple of 16?
False
Is 59 a multiple of 32?
False
Is 41 a factor of 4168?
False
Is 5 a factor of 7810?
True
Is 10 a factor of 70?
True
Does 78 divide 23770?
False
Is 2072 a multiple of 14?
True
Is 5911 a multiple of 69?
False
Is 8754 a multiple of 32?
False
Does 60 divide 16411?
False
Does 5 divide 527?
False
Is 13 a factor of 375?
False
Does 8 divide 264?
True
Is 74 a factor of 592?
True
Is 2 a factor of 16756?
True
Is 16 a factor of 112?
True
Is 40 even?
True
Is 2400 a multiple of 15?
True
Is 31 a factor of 6086?
False
Is 36 a factor of 2768?
False
Is 17 a factor of 1281?
False
Does 48 divide 1104?
True
Does 57 divide 45483?
False
Is 8721 a multiple of 153?
True
Is 3 a factor of 114?
True
Does 22 divide 1122?
True
Is 44 a factor of 286?
False
Is 6 a factor of 118?
False
Does 11 divide 146?
False
Is 114613 a multiple of 18?
False
Does 25 divide 500?
True
Is 25438 a multiple of 16?
False
Does 13 divide 27113?
False
Is 42 a multiple of 21?
True
Does 3 divide 10?
False
Does 3 divide 942?
True
Is 333 a multiple of 8?
False
Is 1167 a multiple of 6?
False
Is 42 a factor of 2849?
False
Does 23 divide 368?
True
Is 6 a factor of 4350?
True
Is 1715 a multiple of 6?
False
Does 98 divide 9100?
False
Does 150 divide 27901?
False
Does 8 divide 19041?
False
Is 3937 a multiple of 127?
True
Does 10 divide 13400?
True
Is 28 a factor of 560?
True
Does 41 divide 779?
True
Is 257 a multiple of 19?
False
Does 13 divide 781?
False
Is 7 a factor of 19862?
False
Does 7 divide 13884?
False
Does 90 divide 270?
True
Is 16 a factor of 2535?
False
Is 375 a multiple of 3?
True
Is 24 a multiple of 4?
True
Does 4 divide 255?
False
Is 1150 a multiple of 127?
False
Does 10 divide 2674?
False
Is 4 a factor of 1008?
True
Is 230 a multiple of 46?
True
Does 149 divide 34838?
False
Does 61 divide 2928?
True
Is 58 a factor of 54984?
True
Does 36 divide 1219?
False
Is 143 a multiple of 13?
True
Is 13 a factor of 12701?
True
Does 17 divide 3666?
False
Does 4 divide 152?
True
Is 11 a factor of 1243?
True
Is 140 a multiple of 3?
False
Does 52 divide 1092?
True
Is 113789 a multiple of 18?
False
Is 13 a factor of 2025?
False
Does 139 divide 142753?
True
Does 29 divide 1644?
False
Does 55 divide 7370?
True
Does 34 divide 2001?
False
Is 9355 a multiple of 5?
True
Is 6 a factor of 314?
False
Is 2 a factor of 284?
True
Is 26 a factor of 2067?
False
Is 84 a multiple of 6?
True
Does 15 divide 2216?
False
Is 45518 a multiple of 253?
False
Does 14 divide 1582?
True
Is 91 a factor of 20347?
False
Is 20115 a multiple of 92?
False
Is 288 a multiple of 6?
True
Does 49 divide 1281?
False
Is 166 a multiple of 3?
False
Is 943 a multiple of 41?
True
Is 5 a factor of 1960?
True
Is 1643 a multiple of 53?
True
Is 11 a factor of 344?
False
Is 1024 a multiple of 16?
True
Does 2 divide 4615?
False
Is 4 a factor of 300?
True
Is 8 a factor of 498?
False
Is 260 a factor of 29082?
False
Is 15651 a multiple of 47?
True
Is 22 a factor of 1210?
True
Is 13 a multiple of 3?
False
Is 47 a factor of 50423?
False
Is 39 a factor of 742?
False
Is 1329 a multiple of 26?
False
Is 16717 a multiple of 73?
True
Is 14 a factor of 51819?
False
Is 896 a multiple of 7?
True
Does 34 divide 40180?
False
Is 15 a multiple of 5?
True
Is 21 a factor of 2646?
True
Is 88 a factor of 10619?
False
Does 9 divide 368?
False
Is 655 a multiple of 3?
False
Is 34 a factor of 179563?
False
Does 10 divide 1790?
True
Is 1953 a multiple of 21?
True
Does 27 divide 378?
True
Is 270 a multiple of 15?
True
Is 9 a factor of 11?
False
Is 55 a factor of 152?
False
Is 3600 a multiple of 144?
True
Is 42285 a multiple of 28?
False
Is 84 a multiple of 6?
True
Is 15 a factor of 17780?
False
Is 14 a factor of 869?
False
Does 11 divide 638?
True
Does 7 divide 10767?
False
Is 40 a factor of 18320?
True
Is 273 a multiple of 3?
True
Is 574 a multiple of 46?
False
Is 464 a multiple of 16?
True
Does 31 divide 13906?
False
Is 940 a multiple of 20?
True
Is 115 a factor of 1725?
True
Does 61 divide 1748?
False
Is 7407 a multiple of 99?
False
Is 3 a factor of 20392?
False
Is 990 even?
True
Is 15727 a multiple of 10?
False
Is 20 a factor of 4870?
False
Does 18 divide 1309?
False
Is 4308 a multiple of 3?
True
Does 2 divide 178?
True
Is 35 a factor of 586?
False
Does 31 divide 2232?
True
Is 10 a factor of 885?
False
Is 160 a factor of 10601?
False
Is 43 a factor of 2215?
False
Is 7042 a multiple of 115?
False
Is 11 a factor of 1677?
False
Does 4 divide 1104?
True
Is 7201 a multiple of 89?
False
Is 69 a factor of 276?
True
Is 5076 a multiple of 18?
True
Is 5900 a multiple of 118?
True
Does 6 divide 1962?
True
Is 2 a factor of 118?
True
Is 52210 a multiple of 120?
False
Does 32 divide 3110?
False
Does 47 divide 470?
True
Does 5 divide 5217?
False
Is 1740 a multiple of 10?
True
Is 20760 a multiple of 24?
True
Does 7 divide 12205?
False
Is 6237 a multiple of 7?
True
Is 20 a factor of 8140?
True
Is 2087 a multiple of 45?
False
Is 3246 a multiple of 15?
False
Is 6 a factor of 135?
False
Is 25 a factor of 6086?
False
Is 20410 a multiple of 157?
True
Is 46629 a multiple of 33?
True
Does 21 divide 13869?
False
Does 15 divide 24660?
True
Does 14 divide 12712?
True
Is 19182 a multiple of 52?
False
Does 21 divide 420?
True
Does 51 divide 12138?
True
Is 159 a factor of 10017?
True
Does 52 divide 39104?
True
Is 77 a factor of 11172?
False
Is 32 a factor of 706?
False
Is 14 a factor of 1479?
False
Does 16 divide 429?
False
Is 37973 a multiple of 23?
True
Is 37392 a multiple of 12?
True
Does 36 divide 3733?
False
Is 336 a multiple of 6?
True
Is 54 a factor of 1436?
False
Is 7 a factor of 1092?
True
Does 129 divide 21602?
False
Is 7 a factor of 1275?
False
Does 18 divide 3982?
False
Is 77234 a multiple of 90?
False
Is 24 a factor of 19906?
False
Does 29 divide 43036?
True
Is 18666 a multiple of 17?
True
Is 2992 a multiple of 34?
True
Does 23 divide 7684?
False
Is 557 a multiple of 15?
False
Is 748 a multiple of 22?
True
Is 18590 a multiple of 13?
True
Is 308 a multiple of 44?
True
Does 27 divide 1539?
True
Does 11 divide 1298?
True
Is 516 a multiple of 3?
True
Is 285 a multiple of 19?
True
Does 54 divide 7904?
False
Is 29 a factor of 638?
True
Does 57 divide 7106?
False
Is 8827 a multiple of 18?
False
Is 5 a factor of 4426?
False
Is 41 a factor of 1785?
False
Does 54 divide 5920?
False
Is 10598 a multiple of 220?
False
Is 219 a factor of 7989?
False
Is 7 a factor of 13062?
True
Is 109 a factor of 2638?
False
Is 38 a factor of 9393?
False
Is 29 a factor of 1989?
False
Does 120 divide 7914?
False
Is 6606 a multiple of 9?
True
Does 82 divide 1804?
True
Is 29430 a multiple of 135?
True
Is 46 a factor of 3294?
False
Is 3558 a multiple of 18?
False
Does 15 divide 340?
False
Is 11 a factor of 12402?
False
Does 14 divide 3677?
False
Is 60 a factor of 4247?
False
Is 2619 a multiple of 3?
True
Is 4 a factor of 548?
True
Is 11 a factor of 1848?
True
Is 932 a multiple of 4?
True
Does 21 divide 34545?
True
Is 13 a factor of 364?
True
Does 59 divide 4366?
True
Does 19 divide 4479?
False
Does 16 divide 8369?
False
Does 5 divide 8111?
False
Is 689 a multiple of 3?
False
Does 3 divide 17741?
False
Is 21 a factor of 71274?
True
Is 6326 a multiple of 2?
True
Is 2020 a multiple of 5?
True
Is 6 a factor of 702?
True
Is 1145 a multiple of 3?
False
Is 558 a multiple of 62?
True
Is 55524 a multiple of 53?
False
Is 46815 a multiple of 8?
False
Is 10044 a multiple of 279?
True
Is 6 a factor of 315?
False
Is 20 a factor of 33260?
True
Does 11 divide 59?
False
Does 40 divide 265?
False
Does 38 divide 2242?
True
Is 375 a multiple of 4?
False
Is 140 a multiple of 5?
True
Is 3120 a multiple of 104?
True
Is 4897 a multiple of 47?
False
Is 10 a factor of 170?
True
Is 5 a factor of 2535?
True
Is 92 a factor of 1932?
True
Does 15 divide 1125?
True
Does 46 d